{"id":125,"date":"2016-12-02T11:16:56","date_gmt":"2016-12-02T10:16:56","guid":{"rendered":"http:\/\/aglae.org\/?page_id=125"},"modified":"2017-05-12T15:22:52","modified_gmt":"2017-05-12T13:22:52","slug":"lassociation","status":"publish","type":"page","link":"https:\/\/aglae.org\/index.php\/lassociation\/","title":{"rendered":"L&#8217;association"},"content":{"rendered":"<p style=\"text-align: justify;\">L\u2019Association Gibervillaise pour les Loisirs de l\u2019Adolescent et de l\u2019Enfant (AGLAE) a \u00e9t<img decoding=\"async\" loading=\"lazy\" class=\"alignright wp-image-200\" src=\"http:\/\/aglae.org\/wp-content\/uploads\/2016\/12\/DSCN5515-1-e1481211109964-401x386-custom.jpg\" alt=\"dscn5515\" width=\"401\" height=\"386\" \/>\u00e9 cr\u00e9\u00e9e le 9 f\u00e9vrier 1981.<\/p>\n<p style=\"text-align: justify;\">Cette association est une association dite \u00ab loi 1901 \u00bb \u00e0 but non lucratif.<br \/>\nElle est g\u00e9r\u00e9e par un Conseil d\u2019Administration compos\u00e9 de parents et d\u2019animateurs volontaires, tous b\u00e9n\u00e9voles.<\/p>\n<p style=\"text-align: justify;\">Vous \u00eates, ou vous serez prochainement, adh\u00e9rent : venez nous rejoindre et, entrez dans l\u2019histoire d\u2019AGLAE !<\/p>\n<p style=\"text-align: justify;\">Etre adh\u00e9rent d\u2019AGLAE, c\u2019est plus que s\u2019acquitter de sa cotisation, c\u2019est partager les valeurs et le projet de l\u2019association.<\/p>\n<p style=\"text-align: justify;\">\n<p style=\"text-align: justify;\"><img decoding=\"async\" loading=\"lazy\" class=\"alignnone size-full wp-image-449\" src=\"http:\/\/aglae.org\/wp-content\/uploads\/2016\/12\/present.png\" alt=\"\" width=\"800\" height=\"540\" srcset=\"https:\/\/aglae.org\/wp-content\/uploads\/2016\/12\/present.png 800w, https:\/\/aglae.org\/wp-content\/uploads\/2016\/12\/present-300x203.png 300w, https:\/\/aglae.org\/wp-content\/uploads\/2016\/12\/present-768x518.png 768w\" sizes=\"(max-width: 800px) 100vw, 800px\" \/><\/p>\n","protected":false},"excerpt":{"rendered":"<p>L\u2019Association Gibervillaise pour les Loisirs de l\u2019Adolescent et de l\u2019Enfant <a class=\"more-link\" href=\"https:\/\/aglae.org\/index.php\/lassociation\/\">En savoir plus&#8230;<\/a><\/p>\n","protected":false},"author":1,"featured_media":0,"parent":0,"menu_order":0,"comment_status":"closed","ping_status":"closed","template":"","meta":[],"_links":{"self":[{"href":"https:\/\/aglae.org\/index.php\/wp-json\/wp\/v2\/pages\/125"}],"collection":[{"href":"https:\/\/aglae.org\/index.php\/wp-json\/wp\/v2\/pages"}],"about":[{"href":"https:\/\/aglae.org\/index.php\/wp-json\/wp\/v2\/types\/page"}],"author":[{"embeddable":true,"href":"https:\/\/aglae.org\/index.php\/wp-json\/wp\/v2\/users\/1"}],"replies":[{"embeddable":true,"href":"https:\/\/aglae.org\/index.php\/wp-json\/wp\/v2\/comments?post=125"}],"version-history":[{"count":9,"href":"https:\/\/aglae.org\/index.php\/wp-json\/wp\/v2\/pages\/125\/revisions"}],"predecessor-version":[{"id":450,"href":"https:\/\/aglae.org\/index.php\/wp-json\/wp\/v2\/pages\/125\/revisions\/450"}],"wp:attachment":[{"href":"https:\/\/aglae.org\/index.php\/wp-json\/wp\/v2\/media?parent=125"}],"curies":[{"name":"wp","href":"https:\/\/api.w.org\/{rel}","templated":true}]}}