{"id":93,"date":"2016-12-02T11:06:17","date_gmt":"2016-12-02T10:06:17","guid":{"rendered":"http:\/\/aglae.org\/?page_id=93"},"modified":"2025-11-03T11:54:09","modified_gmt":"2025-11-03T10:54:09","slug":"inscriptions-et-tarifs","status":"publish","type":"page","link":"https:\/\/aglae.org\/index.php\/inscriptions-et-tarifs\/","title":{"rendered":"Inscriptions et tarifs"},"content":{"rendered":"<h3>Conditions d&#8217;admissions<\/h3>\n<p>Les activit\u00e9s d\u2019A.G.L.A.E. s\u2019adressent aux enfants scolaris\u00e9s de la toute petite section de maternelle jusqu\u2019en fin de CM2.<\/p>\n<p>Nous recommandons pour les enfants de moins de trois ans qui viennent pendant les vacances un accueil en demi-journ\u00e9e.<img decoding=\"async\" loading=\"lazy\" class=\"wp-image-496 size-medium alignright\" src=\"http:\/\/aglae.org\/wp-content\/uploads\/2016\/12\/13427781_1356318421050075_6684945957079902706_n1-300x137.jpg\" alt=\"\" width=\"300\" height=\"137\" srcset=\"https:\/\/aglae.org\/wp-content\/uploads\/2016\/12\/13427781_1356318421050075_6684945957079902706_n1-300x137.jpg 300w, https:\/\/aglae.org\/wp-content\/uploads\/2016\/12\/13427781_1356318421050075_6684945957079902706_n1-768x350.jpg 768w, https:\/\/aglae.org\/wp-content\/uploads\/2016\/12\/13427781_1356318421050075_6684945957079902706_n1.jpg 949w\" sizes=\"(max-width: 300px) 100vw, 300px\" \/><\/p>\n<p>La r\u00e9partition par groupe d\u2019\u00e2ge est la r\u00e8gle g\u00e9n\u00e9rale. Elle est adaptable en cas de particularit\u00e9s.<\/p>\n<p>Un dossier administratif devra \u00eatre constitu\u00e9 au plus tard 15 jours avant le d\u00e9but du s\u00e9jour:<\/p>\n<p><a href=\"http:\/\/aglae.org\/wp-content\/uploads\/2024\/04\/Dossier-rentree-2024-2025-explicatif.pdf\" data-wplink-edit=\"true\">D\u00e9marche \u00e0 suivre rentr\u00e9e 2025-2026<\/a><\/p>\n<p><a href=\"http:\/\/aglae.org\/wp-content\/uploads\/2024\/04\/Fiche-enfant-2024-2025.pdf\" target=\"_blank\" rel=\"noopener noreferrer\" data-wplink-edit=\"true\">T\u00e9l\u00e9charger la fiche d&#8217;inscription<\/a><\/p>\n<p><a href=\"http:\/\/aglae.org\/wp-content\/uploads\/2024\/04\/Fiche-sanitaire-2024-2025.pdf\" data-wplink-edit=\"true\">T\u00e9l\u00e9charger la fiche sanitaire<\/a><\/p>\n<p><a href=\"http:\/\/aglae.org\/wp-content\/uploads\/2024\/04\/reglement-interieur.pdf\" data-wplink-edit=\"true\">R\u00e8glement int\u00e9rieur<\/a><\/p>\n<p><a href=\"http:\/\/aglae.org\/wp-content\/uploads\/2024\/04\/mandat.pdf\" data-wplink-edit=\"true\">Mandat de pr\u00e9l\u00e8vement<\/a><\/p>\n<p>L\u2019enfant devra \u00eatre \u00e0 jour de ses vaccinations.<\/p>\n<p>En fonction du type d&#8217;activit\u00e9 souhait\u00e9, les modalit\u00e9s d&#8217;inscriptions peuvent varier:<\/p>\n<ul>\n<li><a href=\"http:\/\/aglae.org\/index.php\/mercredis\/\">Les mercredis<\/a><\/li>\n<li><a href=\"http:\/\/aglae.org\/index.php\/petites-et-grandes-vacances\/\">Les petites et grandes vacances<\/a><\/li>\n<li><a href=\"http:\/\/aglae.org\/index.php\/les-camps\/\">Les camps<\/a><\/li>\n<li><a href=\"http:\/\/aglae.org\/index.php\/accueils-peri-scolaires\/\">L&#8217;accueil avant et apr\u00e8s l&#8217;\u00e9cole<\/a><\/li>\n<\/ul>\n<h3>Permanences administratives<\/h3>\n<p>Pour les r\u00e9inscriptions et r\u00e8glements : mercredi de 14h00 \u00e0 18h00<\/p>\n<p>Pour les premi\u00e8res inscriptions : sur rendez-vous (02 31 72 47 97 ou <a href=\"http:\/\/aglae.org\/index.php\/contact\/\">formulaire de contact<\/a>)<\/p>\n<h3>Tarification<\/h3>\n<p>Depuis 2011, dans un souci d\u2019\u00e9quit\u00e9 sociale, la CAF impose de nouvelles directives et la mise en place d\u2019une tarification modul\u00e9e en fonction des revenus des familles.<\/p>\n<p>Nous appliquons cette directive et devons avoir acc\u00e8s \u00e0 vos revenus soit :<\/p>\n<ul>\n<li>par l\u2019interm\u00e9diaire du logiciel \u00ab CAFPRO \u00bb en indiquant votre n\u00b0 d\u2019allocataire,<\/li>\n<li>en fournissant votre dernier avis d\u2019imposition .<\/li>\n<\/ul>\n<p>T\u00e9l\u00e9charger les tarifs en cours: <a href=\"http:\/\/aglae.org\/wp-content\/uploads\/2024\/04\/TARIF-septembre-2024.pdf\" target=\"_blank\" rel=\"noopener noreferrer\" data-wplink-edit=\"true\">Tarifs septembre 2025<\/a><\/p>\n<h3>\u00a0Les r\u00e8glements<\/h3>\n<ul>\n<li>en ch\u00e8que \u00e0 l\u2019ordre de l\u2019Association A.G.L.A.E.<\/li>\n<li>en esp\u00e8ces aupr\u00e8s du Centre A.G.L.A.E.<\/li>\n<li>en ch\u00e8ques vacances<\/li>\n<li>en tickets CESU (version papier) pour les enfants de moins de 6 ans<\/li>\n<li>par virement bancaire<\/li>\n<li>les familles peuvent venir nous solliciter pour avoir connaissance des aides disponibles<\/li>\n<li><a href=\"http:\/\/aglae.org\/wp-content\/uploads\/2024\/04\/mandat.pdf\">par pr\u00e9l\u00e8vement automatique (sous condition)<\/a><\/li>\n<\/ul>\n<h3>\u00a0Les\u00a0factures<\/h3>\n<ul>\n<li>soit par email<\/li>\n<li>soit en papier \u00e0 venir chercher au centre<\/li>\n<\/ul>\n","protected":false},"excerpt":{"rendered":"<p>Conditions d&#8217;admissions Les activit\u00e9s d\u2019A.G.L.A.E. s\u2019adressent aux enfants scolaris\u00e9s de <a class=\"more-link\" href=\"https:\/\/aglae.org\/index.php\/inscriptions-et-tarifs\/\">En savoir plus&#8230;<\/a><\/p>\n","protected":false},"author":1,"featured_media":0,"parent":0,"menu_order":0,"comment_status":"closed","ping_status":"closed","template":"","meta":[],"_links":{"self":[{"href":"https:\/\/aglae.org\/index.php\/wp-json\/wp\/v2\/pages\/93"}],"collection":[{"href":"https:\/\/aglae.org\/index.php\/wp-json\/wp\/v2\/pages"}],"about":[{"href":"https:\/\/aglae.org\/index.php\/wp-json\/wp\/v2\/types\/page"}],"author":[{"embeddable":true,"href":"https:\/\/aglae.org\/index.php\/wp-json\/wp\/v2\/users\/1"}],"replies":[{"embeddable":true,"href":"https:\/\/aglae.org\/index.php\/wp-json\/wp\/v2\/comments?post=93"}],"version-history":[{"count":26,"href":"https:\/\/aglae.org\/index.php\/wp-json\/wp\/v2\/pages\/93\/revisions"}],"predecessor-version":[{"id":982,"href":"https:\/\/aglae.org\/index.php\/wp-json\/wp\/v2\/pages\/93\/revisions\/982"}],"wp:attachment":[{"href":"https:\/\/aglae.org\/index.php\/wp-json\/wp\/v2\/media?parent=93"}],"curies":[{"name":"wp","href":"https:\/\/api.w.org\/{rel}","templated":true}]}}